{"id":258,"date":"2018-01-22T10:17:40","date_gmt":"2018-01-22T14:17:40","guid":{"rendered":"http:\/\/alcaldialagunasalada.gob.do\/transparencia\/?page_id=258"},"modified":"2024-09-26T11:09:39","modified_gmt":"2024-09-26T15:09:39","slug":"responsable-de-acceso-a-la-informacion","status":"publish","type":"page","link":"https:\/\/ayuntamientolagunasalada.gob.do\/transparencia\/responsable-de-acceso-a-la-informacion\/","title":{"rendered":"Responsable de Acceso a la Informaci\u00f3n"},"content":{"rendered":"<h2 class=\"paragraph ng-attr-widget\" style=\"text-align: center\"><span style=\"font-size: 24px\"><u>Yasmin del Carmen Batista Felix<\/u><\/span><\/h2>\n<h2 class=\"paragraph ng-attr-widget\" style=\"text-align: center\"><span style=\"font-size: 14pt\"><strong><span style=\"font-size: 14pt\">Responsable de Acceso a la Informaci\u00f3n\u00a0(RAI)<\/span><\/strong><\/span><br \/><span style=\"font-size: 14pt\"> Tel\u00e9fono: (809) 585-7221<\/span><br \/><span style=\"font-size: 14pt\"> Extensi\u00f3n: 0000<\/span><br \/><span style=\"font-size: 14pt\"> Correo electr\u00f3nico: YB819135@GMAIL.COM<\/span><\/h2>\n\n","protected":false},"excerpt":{"rendered":"Yasmin del Carmen Batista Felix Responsable de Acceso a la Informaci\u00f3n\u00a0(RAI) Tel\u00e9fono: (809) 585-7221 Extensi\u00f3n: 0000 Correo electr\u00f3nico: YB819135@GMAIL.COM","protected":false},"author":3,"featured_media":0,"parent":0,"menu_order":0,"comment_status":"closed","ping_status":"closed","template":"","meta":[],"acf":[],"_links":{"self":[{"href":"https:\/\/ayuntamientolagunasalada.gob.do\/transparencia\/wp-json\/wp\/v2\/pages\/258"}],"collection":[{"href":"https:\/\/ayuntamientolagunasalada.gob.do\/transparencia\/wp-json\/wp\/v2\/pages"}],"about":[{"href":"https:\/\/ayuntamientolagunasalada.gob.do\/transparencia\/wp-json\/wp\/v2\/types\/page"}],"author":[{"embeddable":true,"href":"https:\/\/ayuntamientolagunasalada.gob.do\/transparencia\/wp-json\/wp\/v2\/users\/3"}],"replies":[{"embeddable":true,"href":"https:\/\/ayuntamientolagunasalada.gob.do\/transparencia\/wp-json\/wp\/v2\/comments?post=258"}],"version-history":[{"count":7,"href":"https:\/\/ayuntamientolagunasalada.gob.do\/transparencia\/wp-json\/wp\/v2\/pages\/258\/revisions"}],"predecessor-version":[{"id":1302,"href":"https:\/\/ayuntamientolagunasalada.gob.do\/transparencia\/wp-json\/wp\/v2\/pages\/258\/revisions\/1302"}],"wp:attachment":[{"href":"https:\/\/ayuntamientolagunasalada.gob.do\/transparencia\/wp-json\/wp\/v2\/media?parent=258"}],"curies":[{"name":"wp","href":"https:\/\/api.w.org\/{rel}","templated":true}]}}